ighest common divisor of 43 and 3162?
1
Calculate the greatest common factor of 2853 and 828.
9
Calculate the highest common factor of 159740 and 560.
140
Calculate the highest common divisor of 108 and 38754.
18
What is the highest common divisor of 252 and 42147?
63
Calculate the greatest common factor of 399189 and 42.
21
Calculate the highest common factor of 1017 and 981.
9
What is the greatest common divisor of 123159 and 183?
183
Calculate the greatest common factor of 6528 and 374.
34
Calculate the highest common divisor of 567 and 73512.
9
What is the highest common divisor of 134 and 1757276?
134
What is the highest common divisor of 465 and 259191?
93
Calculate the greatest common factor of 570 and 18492.
6
Calculate the highest common divisor of 111210 and 2970.
330
What is the greatest common divisor of 1527060 and 30?
30
Calculate the greatest common divisor of 16430 and 1855.
265
What is the highest common factor of 1806 and 567?
21
What is the greatest common divisor of 16352 and 784?
112
What is the greatest common factor of 189795 and 60?
15
What is the greatest common divisor of 403 and 324601?
31
Calculate the greatest common divisor of 24154 and 91.
13
Calculate the greatest common divisor of 40 and 29520.
40
What is the highest common divisor of 93 and 125519?
31
What is the highest common factor of 147 and 6215601?
147
What is the greatest common factor of 340 and 321340?
20
What is the highest common divisor of 21 and 50477?
7
What is the greatest common divisor of 18004 and 28?
28
Calculate the highest common divisor of 25 and 647.
1
Calculate the greatest common divisor of 89226 and 150.
6
Calculate the highest common factor of 146402 and 497.
71
What is the highest common factor of 11417 and 392?
49
Calculate the greatest common factor of 11359 and 185.
37
What is the greatest common factor of 8397 and 297?
27
Calculate the greatest common divisor of 294 and 34062.
42
What is the greatest common factor of 23986 and 22912?
358
What is the highest common factor of 5707 and 26?
13
What is the highest common divisor of 496 and 1800?
8
Calculate the highest common factor of 109 and 101261.
109
What is the greatest common divisor of 66 and 168938?
22
Calculate the greatest common factor of 721 and 407571.
103
What is the greatest common divisor of 24213 and 525?
21
Calculate the highest common divisor of 3697 and 4.
1
Calculate the greatest common divisor of 9 and 75375.
9
What is the greatest common factor of 1197882 and 63?
63
What is the greatest common divisor of 134376 and 12?
12
What is the greatest common divisor of 2 and 118739?
1
Calculate the highest common factor of 8544 and 5073.
267
Calculate the greatest common divisor of 156 and 23220.
12
What is the greatest common factor of 668205 and 620?
155
Calculate the highest common divisor of 26 and 186706.
26
Calculate the greatest common divisor of 446898 and 7413.
1059
What is the highest common divisor of 3807780 and 60?
60
Calculate the greatest common divisor of 380472 and 96.
24
Calculate the highest common divisor of 4248 and 198004.
236
What is the greatest common divisor of 117792 and 80?
16
Calculate the greatest common divisor of 80 and 42484.
4
What is the highest common factor of 19516 and 56?
28
What is the highest common divisor of 530058 and 3674?
334
Calculate the highest common factor of 362 and 47241.
181
What is the greatest common divisor of 616174 and 442?
26
Calculate the highest common divisor of 81 and 85509.
27
Calculate the highest common factor of 58127 and 2.
1
What is the highest common divisor of 1780 and 92?
4
Calculate the highest common divisor of 53191 and 86.
43
Calculate the highest common divisor of 635341 and 7.
7
What is the greatest common factor of 455 and 1313?
13
Calculate the greatest common factor of 231086 and 1816.
454
Calculate the greatest common divisor of 70 and 8310.
10
What is the greatest common factor of 32745 and 1695?
15
Calculate the highest common divisor of 390 and 86515.
65
What is the highest common divisor of 225 and 4644?
9
Calculate the greatest common divisor of 8017295 and 2145.
715
Calculate the highest common factor of 478170 and 253.
253
Calculate the greatest common factor of 2002 and 30667.
91
What is the greatest common factor of 234668 and 28900?
1156
Calculate the highest common divisor of 168 and 189984.
24
What is the highest common factor of 2112 and 561?
33
What is the greatest common factor of 60 and 832410?
30
What is the highest common factor of 39556 and 29?
29
Calculate the greatest common divisor of 19230 and 840.
30
What is the highest common factor of 171939 and 444?
111
Calculate the greatest common factor of 45720 and 2880.
360
Calculate the highest common factor of 2581864 and 584.
584
What is the highest common divisor of 25670 and 255?
85
Calculate the highest common divisor of 174 and 246.
6
What is the greatest common divisor of 18362805 and 15?
15
What is the highest common factor of 1267469 and 119?
119
Calculate the greatest common factor of 55 and 2510.
5
Calculate the highest common divisor of 318 and 100329.
159
What is the greatest common divisor of 5664481 and 106?
53
What is the greatest common divisor of 196 and 1060948?
196
What is the greatest common divisor of 529066 and 452?
226
What is the highest common divisor of 34 and 142118?
2
What is the highest common factor of 1512 and 3000?
24
Calculate the highest common divisor of 6785 and 1715.
5
What is the greatest common factor of 9984 and 119496?
312
What is the highest common divisor of 286 and 8800?
22
Calculate the greatest common factor of 63056 and 336.
112
Calculate the highest common divisor of 19 and 18677.
19
What is the highest common factor of 24563 and 627473?
2233
Calculate the highest common divisor of 106968 and 1896.
24
What is the greatest common factor of 72 and 47040?
24
Calculate the greatest common divisor of 23838 and 841.
29
Calculate the highest common divisor of 5326 and 6.
2
Calculate the highest common divisor of 2744 and 140.
28
What is the highest common divisor of 323 and 143667?
17
Calculate the greatest common factor of 1143 and 3798189.
1143
What is the highest common factor of 48657 and 2646?
147
What is the highest common divisor of 3417150 and 285?
285
What is the greatest common divisor of 6042 and 6678?
318
Calculate the highest common divisor of 17 and 431103.
17
What is the highest common divisor of 230 and 8605105?
115
What is the highest common factor of 195 and 5295?
15
Calculate the highest common divisor of 900 and 6084.
36
What is the highest common divisor of 47530 and 17010?
70
What is the highest common factor of 296 and 56351?
37
What is the highest common divisor of 1514 and 6?
2
What is the highest common factor of 5684 and 1764?
196
Calculate the greatest common divisor of 21 and 150900.
3
What is the greatest common factor of 672228 and 639?
639
What is the greatest common divisor of 124 and 2116?
4
Calculate the highest common factor of 185199 and 21.
21
What is the greatest common divisor of 165 and 32505?
165
Calculate the highest common divisor of 1184112 and 1836.
108
Calculate the highest common divisor of 544478 and 22.
22
Calculate the greatest common factor of 402 and 472886.
134
Calculate the highest common divisor of 425590 and 3650.
730
Calculate the highest common factor of 42 and 776706.
42
Calculate the greatest common divisor of 339 and 3849.
3
What is the greatest common divisor of 136465 and 98?
49
Calculate the greatest common factor of 50181 and 37344.
1167
Calculate the greatest common divisor of 435 and 7020.
15
Calculate the greatest common factor of 7000 and 14.
14
What is the highest common divisor of 170 and 151674?
34
What is the highest common divisor of 2346 and 1362?
6
What is the greatest common divisor of 89375 and 110?
55
Calculate the highest common divisor of 9785498 and 366.
122
Calculate the greatest common divisor of 566104 and 7.
7
Calculate the greatest common factor of 30 and 48595.
5
Calculate the highest common divisor of 1320 and 30624.
264
What is the highest common factor of 1068 and 1104?
12
Calculate the greatest common factor of 92 and 193062.
46
What is the greatest common divisor of 35 and 2233?
7
Ca